*s + 62. What is the tens digit of q?
6
What is the hundreds digit of (-8)/14 - 19/(532/(-69624))?
4
Suppose 3*c = -4*s + 10, 0*s - c = 3*s - 5. Let w = 14 + s. Let n = 9 + w. What is the units digit of n?
4
Let m be (-15)/10 - (3 - 7/2). What is the hundreds digit of (m - 3580/(-24)) + (-4)/24?
1
Let u(g) be the third derivative of -g**6/120 - 2*g**5/15 + 7*g**4/24 - 7*g**3/6 + 2*g**2. Let m be u(-7). Let s = -57 - m. What is the units digit of s?
8
Let f(t) = -362*t - 64. What is the tens digit of f(-3)?
2
Let y be (34/(-6))/((-17)/612). Suppose y = 6*p - 0*p. What is the units digit of p?
4
Suppose -2*b = 3*r - 15, r + 3*b - 25 = -4*r. Suppose 2*f = 5*l - 363, r*l - 128 - 241 = -4*f. Let n = -41 + l. What is the tens digit of n?
3
Suppose -i = -3*a - 164, 2*a = 3*i - 360 - 125. Let h = 108 - i. Let r = h + 88. What is the tens digit of r?
3
Let m be 2 + 0*1/(-4). Suppose c + 3*c + 2*n = 226, -5*c + 285 = m*n. What is the units digit of c?
9
Let k(i) = -39*i**3 + 2*i**2 + i - 40. What is the hundreds digit of k(-4)?
4
Let i(h) = 9*h**2 - 3*h - 24. Let o be i(-5). Suppose -l = 5*l - o. What is the units digit of l?
6
Let f be 4/((-20)/(-15)) + -1. Let k(b) be the third derivative of b**6/20 - b**5/15 + b**4/8 - b**3/6 - 5*b**2. What is the units digit of k(f)?
7
Let k(y) = -y**2 + 17*y + 29. Let d be k(20). Let p = d + 64. What is the tens digit of p?
3
Let j = -212 - -1148. What is the hundreds digit of j?
9
Let q = 7 + -7. Suppose -5*h - 671 = 2*c, -266 = -q*h + 2*h + 2*c. Let l = -94 - h. What is the units digit of l?
1
Suppose -3*n - 2*t - 898 = -7*n, -t = -3*n + 672. What is the units digit of n?
3
Suppose -31*s - 2*s = -70851. What is the units digit of s?
7
Suppose -6*g + 10346 + 2080 = 0. What is the thousands digit of g?
2
Let z be 6/(1/(-8)*6). Suppose -2*u - 22 = -4*a, -25 = -4*a - 0*u + 5*u. What is the units digit of z/40 + 126/a?
5
Let i = -3 - -120. Suppose -5*x = -5*f - 275, -2*x + 5 + i = f. What is the units digit of x?
9
Let s = 1086 - 630. What is the tens digit of s?
5
Let p(l) = -4 - 10 + 4 - 5*l**2 - 11*l + 4*l**2. Let x be p(-10). Suppose -3*a + 59 = 5*i - x*i, -5*a = -3*i - 121. What is the tens digit of a?
2
Let l(o) = o**3 + 35*o**2 + 101*o - 4. What is the units digit of l(-14)?
8
Let c(o) be the second derivative of o**5/20 + 5*o**4/12 - 5*o**3/6 + 2*o**2 + 7*o. What is the units digit of c(4)?
8
Suppose -3*u - 2*j = u, 4*u + 12 = 4*j. Let g = 49 - u. What is the tens digit of g?
5
Suppose -3*w + 15 = -2*g, 3*g - 2*g - 12 = -5*w. Let o(d) be the second derivative of d**4/6 + d**3/6 + d**2/2 - 44*d. What is the units digit of o(g)?
6
What is the tens digit of (-4)/34 + 8596/238?
3
Let b(g) = g**2 + 13*g + 21. Let v be b(-15). Suppose -d + 2*m - v = 2*d, 2*d + 2*m + 24 = 0. What is the units digit of (-35)/d - 2/(-3)?
3
Let q(j) = j + 10. Let v be q(-7). Suppose 5*n - 702 = -0*n - v*g, -n + 158 = 5*g. Let z = -92 + n. What is the units digit of z?
6
Let s(d) = 10*d**2 + 25*d + 103. What is the thousands digit of s(-23)?
4
What is the tens digit of (-15 - 0)/(-5) - -237?
4
Suppose 0*k = 2*k - 16. Suppose k = 2*r + 2. Suppose -5*c = -r*c - o - 60, -77 = -3*c - 5*o. What is the units digit of c?
9
Let x = 121 + -59. Suppose 0 = 2*h - x - 98. Let r = h - 38. What is the units digit of r?
2
Let f = 2724 + -286. What is the thousands digit of f?
2
Let j = 7 + -42. What is the tens digit of 42*j/20*(-4)/6?
4
What is the units digit of -1 + 75*((-176)/(-10))/4?
9
What is the units digit of (-2)/(-4)*-3 - (-6225)/50?
3
Suppose -186 = -n + z - 0*z, -3*n + 534 = 5*z. What is the units digit of n?
3
Suppose o - 4*a = 5*o + 36, -2*o = 4*a + 16. Let t(p) = 2*p**2 + 4*p + 19. What is the tens digit of t(o)?
7
Let m = -475 - -1227. What is the units digit of m?
2
Let o = -502 - -750. Let z = o + -95. What is the hundreds digit of z?
1
What is the tens digit of 900 + (-13 - -8) + 10?
0
Let z(t) = 127*t**2 + t - 13. What is the hundreds digit of z(-3)?
1
Suppose h - 2212 = -3*h. What is the hundreds digit of h?
5
Let g = 6208 - 2865. What is the thousands digit of g?
3
Let j be -2*(5/10 - 3). What is the tens digit of (-1)/j + (-423)/(-15)?
2
Suppose 0*b + b = 17. Let f = b + -5. What is the units digit of f?
2
Suppose -f = 2, 5*m + 34 = 5*f - 51. Let i = 30 + m. Let j = -7 + i. What is the units digit of j?
4
Suppose 0 = 5*y - 1698 - 182. Suppose y = 5*h - 4. Let x = h - 38. What is the tens digit of x?
3
Let d(g) = 3*g**2 + 6*g - 30. Let f(w) = -2*w**2 - 22*w - 13. Let c be f(-10). What is the hundreds digit of d(c)?
1
Let g(x) = 112*x + 977. What is the tens digit of g(8)?
7
Let v be (-7)/(-4)*24/(-6). Let j(k) = 5*k - 5. Let y be j(v). Let l = y + 61. What is the units digit of l?
1
Suppose 2*l = -i + 7, -3*l + 4*l + 1 = 4*i. Let a be (l/(-2))/((-3)/(-4)). What is the units digit of (-11)/(a/((-8)/(-4)))?
1
Suppose -2*y + 33 = 3*l, 0 = -y - l - 0*l + 15. Let t(g) = g**2 - 13*g + 10. Let d be t(y). What is the units digit of (-430)/(-14) - d/7?
1
Let x(s) = 7*s**2 + 15*s + 87. What is the hundreds digit of x(10)?
9
Suppose -5*d + 0*d + 95 = 0. Let f = d + -20. Let v = 24 + f. What is the units digit of v?
3
Let y be (-2)/(-8) + (-3369)/(-12). Suppose 3*j - 4*x - 583 = 0, -j + y = 2*x + 80. What is the hundreds digit of j?
1
Let d = 359 - -497. What is the units digit of d?
6
Suppose 12*u = 7*u. Let y = 26 - u. What is the units digit of y?
6
Let s(w) = w**2 - 2*w + 6. Suppose 38 = 6*o - 16. What is the tens digit of s(o)?
6
Let c(t) = -t - 1. Let k be c(-4). Let r(l) = 0*l**3 - 3 + 6 + k*l**2 - l**3. What is the units digit of r(3)?
3
Let p = -14 - -15. Let y be (p + -4)/(12/(-20)). Suppose y*j = 47 + 33. What is the units digit of j?
6
Suppose -m + 6*m - 3*o = 4952, -5*o = 5*m - 4960. What is the units digit of m?
1
Suppose 26*l = -8*l + 41854. What is the units digit of l?
1
Suppose -92 + 7 = -5*o. Let i = -15 + o. Suppose -5*p = 15, 4*z - p + i*p - 137 = 0. What is the units digit of z?
5
Let i be 3 + 8 + -3 + -2. Suppose 0 = 5*y, i*k = k - y + 130. Let m = 50 - k. What is the tens digit of m?
2
Suppose 0 = -5*u + 5*j + 65, -29 = -2*u + 7*j - 2*j. Suppose -m + a + 22 - 6 = 0, m = -3*a + u. What is the units digit of m?
5
Suppose s + 4*q - 5252 = -3*s, 5*s - 5*q - 6575 = 0. What is the units digit of s?
4
Let h = -64 + -114. Let p = -122 - h. What is the units digit of p?
6
Suppose -5*h - g + 26 = 0, 4*g - 8 = -6*h + 2*h. What is the tens digit of (3 - (2 - h))*20?
4
Suppose -25*z - 8*z + 106788 = 0. What is the units digit of z?
6
Let d = 32 - 27. Suppose 306 = 5*c + 4*w, -334 = -4*c - d*w - 82. What is the tens digit of c?
5
Let j(o) = -o**2 + 2*o + 3. Let x be j(2). Suppose r - 234 = -4*t, -6*r + x*r = -t - 650. What is the tens digit of r?
1
Suppose -5*k - 260 = -5*n, 5*k + 2*n = 3*n - 260. Let q = -3 - -1. What is the tens digit of (13/k)/(q/152)?
1
Let y = 421 - 349. What is the tens digit of y?
7
Let h(d) = 32*d**2 - 14*d. Let t be h(7). Suppose -322 + t = 7*q. What is the units digit of q?
4
Let j be 22/26 + (-8)/(-52). Let m be (-2)/(-2) + j + -8. Let z(i) = i**3 + 5*i**2 - 7*i + 1. What is the units digit of z(m)?
7
Let t(l) = 4*l**2 - 4*l + 2. Let r be t(2). Let f(k) = 14*k + 4. Let u(p) = -5*p - 1. Let i(c) = -6*f(c) - 17*u(c). What is the units digit of i(r)?
3
Let h(m) = 125*m + 117. What is the units digit of h(6)?
7
Suppose 49*r - 58*r = -11205. What is the tens digit of r?
4
Suppose -12*i - 55 + 235 = 0. What is the units digit of i/20*(-1)/(2/(-480))?
0
Let h = -34 - -93. Let s be h - 4 - (-4)/2. Let q = s + -41. What is the tens digit of q?
1
Let z(h) = 3*h - 25. Let a be z(11). Suppose 36*u - 38*u + a = 0. Suppose -u*g = -4*p + 172, 5*p + 2*g = -97 + 333. What is the tens digit of p?
4
Let o = 685 - 425. Let c = 526 - o. What is the units digit of c?
6
Let t be 1 + -2*2/4. Suppose -3*a + 5*a - 114 = t. What is the units digit of a?
7
Let x be -1 - 4/((-8)/(-30)). Suppose -6*p + 4*o - 135 = -p, 4*o - 11 = p. Let y = x - p. What is the tens digit of y?
1
Let k = 15 + 218. What is the units digit of k?
3
Let l(g) = -g + 30. Let p(b) = -2*b + 59. Let z(o) = -11*l(o) + 6*p(o). What is the tens digit of z(-19)?
4
Suppose -8*p = -4*p. Suppose -f + 3*f - 68 = p. Let w = f + 8. What is the units digit of w?
2
Sup